 + -7. Let b be ((-3)/(-6))/(d/18). What is the greatest common factor of b and 21?
3
Suppose -f - 1 + 3 = 0. Suppose -f*q = -51 + 19. What is the greatest common factor of 128 and q?
16
Suppose 0*d - 18 = -y - 3*d, 3*y + 2*d = 40. What is the highest common factor of 8 and y?
4
Let s be (19 - 0)/((-2)/(-4)). Suppose 4*r - 250 = -2*d, -d + 79 + s = 4*r. Suppose 2 = m - 17. Calculate the highest common factor of d and m.
19
Let u(w) = w**3 + 13*w**2 - 6*w + 11. Let o be u(-10). What is the greatest common divisor of 53 and o?
53
Let q be (-12)/60 + (-22)/(-10). Let g(l) = 3*l**2 + 4*l + 2. Let r(o) = o - 11. Let j be r(9). Let v be g(j). Calculate the highest common factor of v and q.
2
Suppose 0*p - 9 = -3*p. Suppose 5*n = n + 5*w - 5, 0 = -p*n + 3*w. Let a be 25/(-10)*8/(-10). What is the highest common divisor of a and n?
1
Let j be (-447)/(-21) + 0 - 22/77. Calculate the greatest common divisor of j and 3.
3
Let b be 9/24*4*18. Calculate the highest common factor of 18 and b.
9
Suppose -5*n - 65 = -3*r, -r - 4*n - 46 = -3*r. Calculate the highest common factor of 45 and r.
15
Suppose -5*f + 378 = -2*r, 4*f + 0*f - 4*r - 300 = 0. Suppose 3*i - f = 2*w, 0 = -3*i - 2*w + 47 + 33. What is the greatest common divisor of 13 and i?
13
Let k be ((-2)/6)/(4/(-48)). Suppose -q - 35 = -3*h, k*h + 3*q - 64 = -0*q. Let x = 8 - -96. Calculate the greatest common factor of x and h.
13
Let y = 27 + -33. Let r(o) = 5*o - 14. Let s(d) = -2*d + 5. Let t(z) = 3*r(z) + 8*s(z). Let c be t(y). Calculate the highest common divisor of c and 2.
2
Suppose -3*t + 9 = 0, -4*t = -2*f + 4*f - 18. Suppose -f*j + 26 = -4. Let o be 2/(-5) - 704/(-10). Calculate the highest common divisor of o and j.
10
Suppose -61 = -3*u + 5*p, -3*u = u - 2*p - 58. Calculate the greatest common factor of 8 and u.
4
Let c(b) = b - 6. Let h be c(7). Suppose 21 + h = 2*o. Let i = 90 + -57. What is the greatest common factor of o and i?
11
Suppose -3*h - 4*y - 8 = 0, 2*h = 3*y + 1 - 12. Let d(i) = i**3 + 7*i**2 + 5*i - 4. Let n be d(h). Calculate the highest common factor of n and 72.
24
Let n(t) = 12*t + 2. Let j be n(8). Calculate the greatest common factor of j and 14.
14
Suppose 0 = -5*r + 5*c - 156 + 371, 2*r - 4*c - 84 = 0. Suppose 5*k = 3*k + r. What is the highest common factor of 33 and k?
11
Let a = -3 + 7. Let u be (6/(-4))/(3/(-16)). Calculate the highest common divisor of u and a.
4
Suppose 3*a - 4*d - 59 = -17, -4*a = 3*d - 56. What is the highest common factor of 2 and a?
2
Let v be 8/(-4)*27/6. Let d be ((-260)/15)/(2/v). Calculate the highest common factor of d and 26.
26
Suppose 3*b + 0*v = 3*v + 36, 0 = -5*v. Calculate the highest common divisor of b and 108.
12
Let a = -3 - -3. Suppose a = h + 2*h - 243. Let o(v) = -4*v + 1. Let j be o(-2). What is the highest common factor of h and j?
9
Let n be (-5 - -14)*(-1 + 4). Calculate the greatest common divisor of n and 81.
27
Let q be (7*-2)/((-5)/20). Calculate the highest common factor of q and 14.
14
Suppose -2*j - n = 5291, 2*j - n + 10567 = -2*j. Let d be j/(-12) - 2/8. Calculate the highest common divisor of d and 20.
20
Suppose 4*p + 14 + 18 = 0. Let m(t) = t + 8. Let q be m(p). Suppose 2*x - 3*x + 65 = q. Calculate the highest common divisor of x and 13.
13
Suppose -f + 5*y - 4*y + 4 = 0, -5*y + 60 = 5*f. Calculate the highest common divisor of f and 88.
8
Let g(z) = z**3 + 3*z**2 - 10*z + 4. Let v be g(-5). Calculate the highest common divisor of 28 and v.
4
Let z be (-22)/33*7/((-14)/24). Calculate the greatest common divisor of 24 and z.
8
Suppose 5*t = -2*l + 776, l = -l + 6. Suppose 0*y = 2*y - t. Calculate the highest common factor of 11 and y.
11
Let g(h) = h - 8. Let c be g(-10). Let i be (-170)/(-45) + (-4)/c. Calculate the greatest common divisor of i and 32.
4
Let j be 1/(-2)*(-1 + -73). Calculate the highest common divisor of j and 296.
37
Let p = 242 - 144. What is the highest common factor of p and 14?
14
Suppose 3*b = -2*d + 11 + 18, -46 = -3*d - 2*b. What is the highest common factor of 272 and d?
16
Let r(t) = t**3 + 6*t**2 + t - 5. Let z(u) = 3*u + 4. Let h be z(-3). Let i be r(h). What is the greatest common factor of 45 and i?
15
Let h be -21*3/(-2 - (-1)/1). Calculate the highest common factor of 9 and h.
9
Let p be (1/(-2))/(1/(-8)). Suppose -4 = -2*o - 2*o, 2*o = -4*w + 58. Let d be 1/2 - w/(-4). What is the greatest common divisor of d and p?
4
Suppose 4*i + 0*i = 4*z + 132, -z = 4*i - 122. What is the greatest common divisor of 248 and i?
31
Suppose 4*f - 2*h = 1670, -2*f - 3*f = 3*h - 2093. Suppose 3*k = f + 14. Calculate the highest common divisor of 18 and k.
18
Let g = 5 + 1. Let a(d) be the first derivative of d**3/3 + 2*d**2 + 6*d + 5. Let x be a(-3). What is the greatest common factor of x and g?
3
Suppose -3*m + 54 = m - 2*w, w - 33 = -3*m. Let y = 31 - -101. Calculate the highest common factor of m and y.
12
Let v(u) = -3*u**2 + 6*u - 4. Let h be v(3). Let o = h + 19. Calculate the greatest common factor of 6 and o.
6
Let p = -15 + 20. Suppose 0 = 3*j - 8*j + 4*i + 1, j - 3 = -2*i. Calculate the greatest common divisor of j and p.
1
Suppose 1 + 9 = -2*v. Let w = v - -7. Suppose -l + w*l = 16. Calculate the highest common divisor of 16 and l.
16
Let k(c) = -c**2 + 10*c - 13. Let w be k(9). Let h be (-1 - -2) + (-2 - w). Calculate the highest common divisor of 1 and h.
1
Suppose 20 = 2*u + 2*u. Suppose u*n - 6 = 74. Let i = -1 - -3. Calculate the greatest common divisor of i and n.
2
Let b(k) be the first derivative of -k**4/4 - k**3/3 - 2*k**2 - 1. Let w be b(-4). Let f = 35 - 19. What is the highest common factor of f and w?
16
Suppose -108 = -5*z - 28. Suppose -355 = -4*p - 99. Calculate the greatest common factor of z and p.
16
Suppose -z - 256 = 139. Let l = z - -555. What is the greatest common factor of 20 and l?
20
Suppose 0*t + 286 = 2*t. What is the greatest common divisor of t and 13?
13
Suppose 47 = -5*c + 437. Suppose -10 = 4*j - c. Calculate the greatest common divisor of 85 and j.
17
Suppose 68 + 52 = 2*q. Suppose 5*o = o + q. Suppose -3*m + 16 = -2. What is the greatest common factor of m and o?
3
Suppose -2*m + 4*i = -84, -i + 44 = 2*m - 35. Suppose 120 - m = 5*l. Calculate the highest common factor of 24 and l.
8
Let w be (20/(-2))/((-4)/(-150)). Let z = -155 - w. Suppose -z = k - 5*k. What is the highest common factor of k and 22?
11
Let b(u) = -u**2 + 10*u + 8. Let n be b(8). Let w = 16 + -4. What is the greatest common divisor of w and n?
12
Suppose 3*k + 336 = 6*k. What is the greatest common divisor of 16 and k?
16
Let z = 6 + -2. Let p = -109 + 189. Suppose 2*h - p = z*d, 6*h + 3*d = h + 200. Calculate the greatest common divisor of 10 and h.
10
Let i(j) = 7*j + 1. Let l be i(-2). Let t = 21 + l. Calculate the greatest common factor of 12 and t.
4
Let c = -43 + 50. Calculate the greatest common factor of c and 63.
7
Let y = -21 + 22. Calculate the greatest common factor of y and 7.
1
Suppose 87 - 13 = 2*k - 2*y, 0 = 5*y + 5. Suppose -k = 2*w - 5*w. Let g = w + -9. Calculate the greatest common factor of 33 and g.
3
Suppose 0 = u + 5*h - 2*h - 32, 42 = 2*u - 5*h. Calculate the highest common factor of 39 and u.
13
Suppose -2*y - 699 = -4*a - 7*y, 2*y + 882 = 5*a. Calculate the highest common factor of 16 and a.
16
Let u = 4 + -4. Suppose u = -s - 5, -s - 545 = -4*v. What is the greatest common divisor of 15 and v?
15
Suppose -6 + 26 = 2*a. Let o be -3*(1 - 34/6). Let n = o - 4. Calculate the greatest common divisor of n and a.
10
Let f(u) = -u**2 + 9*u + 9. Let a be f(9). Let j = a - 3. What is the greatest common factor of j and 6?
6
Let y be (47 - 0)*4/((-28)/(-7)). What is the greatest common divisor of y and 517?
47
Let n = -6 - -16. What is the greatest common divisor of n and 90?
10
Suppose -11*f + 124 = -184. What is the highest common factor of f and 35?
7
Let l(x) = 4*x**2 - 14*x + 20. Let i be l(6). What is the greatest common factor of 20 and i?
20
Let v = 142 + -100. What is the greatest common divisor of v and 168?
42
Suppose 4*t + v - 245 = 0, -6*t = -3*t - v - 182. What is the highest common factor of 183 and t?
61
Let g = -23 - -33. Let u = g + -5. What is the greatest common divisor of u and 35?
5
Suppose -15*x = -6*x - 81. Calculate the greatest 